{"id":419,"date":"2020-10-21T10:39:09","date_gmt":"2020-10-21T09:39:09","guid":{"rendered":"http:\/\/localhost\/MPB%20test%202020\/?page_id=419"},"modified":"2021-02-23T12:13:13","modified_gmt":"2021-02-23T11:13:13","slug":"wetgeving","status":"publish","type":"page","link":"https:\/\/massagepraktijkbaltzer.nl\/?page_id=419","title":{"rendered":"Wetgeving"},"content":{"rendered":"<h1>Wetgeving<\/h1>\n<h2>WGBO<\/h2>\n<p>De Wet op Geneeskundige Behandelovereenkomst gaat over de rechten en plichten van zowel de zorgverlener als de cli\u00ebnt. Het gaat over praktische zaken zoals bijvoorbeeld welke informatie mag worden uitgewisseld, de bewaartermijn van cli\u00ebnt gegevens en geheimhoudingsplicht. <br \/>Ik ben verplicht om een medisch dossier aan te leggen van elke cli\u00ebnt en deze dossiers dienen 20 jaar bewaard te worden.<br \/>Voor zorg\u00adverleners geldt op grond van de beroeps\u00adcode en het wettelijk geregeld medisch beroeps\u00adgeheim een geheim\u00adhoudings\u00adplicht. Dit betekent dat alleen uw behandelaar uw gegevens in mag zien, tenzij u schriftelijke toe\u00adstemming geeft voor inzage door een andere partij.<\/p>\n<h2>AVG<\/h2>\n<p>De Algemene Verordening Gegevensbescherming gaat over het verzamelen van persoonsgegevens en hoe een zorgverlener hier mee moet omgaan.<\/p>\n<h2>Nieuwe wet Wkkgz<\/h2>\n<p>Met ingang van 1 januari 2017 is de nieuwe wet \u2018Wet Kwaliteit, Klachten en Geschillen Zorg\u2019,<br \/>kortweg: de Wkkgz, in werking getreden.<\/p>\n<p>Deze wet biedt de hulpvragende consument tranparantie over de mogelijkheden van beroep in geval van incidenten en calamiteiten bij\/tijdens de ontvangen zorg.<\/p>\n<p>Alle zorgverleners in Nederland zijn verplicht aangesloten bij een klachteninstantie die namens hen als\u00a0<u>onafhankelijk<\/u>\u00a0lichaam een ingediende klacht van een patient\/client behandelt en een uitspraak doet.<\/p>\n<p>De branchevereniging VBAG, waar ik geregisteerd ben als therapeut, heeft al haar leden aangesloten bij Quasir.<\/p>\n<p><a href=\"https:\/\/vbag.nl\/algemene-informatie\/klachten.html\" target=\"_blank\" rel=\"noopener\">Hier<\/a> kunt u meer informatie vinden over hoe de klachten procedure verloopt indien een VBAG therapeut hierbij betrokken is (informatie op VBAG website)<\/p>\n<p>\t\t\t\t\t\t\t\t\t\t<img decoding=\"async\" width=\"275\" height=\"183\" src=\"https:\/\/massagepraktijkbaltzer.nl\/massagepraktijkbaltzer.nl\/wp-content\/uploads\/2020\/10\/Quasir.png\" alt=\"\" loading=\"lazy\" \/><\/p>\n","protected":false},"excerpt":{"rendered":"<p>Wetgeving WGBO De Wet op Geneeskundige Behandelovereenkomst gaat over de rechten en plichten van zowel de zorgverlener als de cli\u00ebnt. Het gaat over praktische zaken zoals bijvoorbeeld welke informatie mag worden uitgewisseld, de bewaartermijn van cli\u00ebnt gegevens en geheimhoudingsplicht. Ik ben verplicht om een medisch dossier aan te leggen van elke cli\u00ebnt en deze dossiers [&hellip;]<\/p>\n","protected":false},"author":1,"featured_media":0,"parent":0,"menu_order":0,"comment_status":"closed","ping_status":"closed","template":"","meta":{"_monsterinsights_skip_tracking":false,"_monsterinsights_sitenote_active":false,"_monsterinsights_sitenote_note":"","_monsterinsights_sitenote_category":0,"site-sidebar-layout":"no-sidebar","site-content-layout":"page-builder","ast-site-content-layout":"default","site-content-style":"default","site-sidebar-style":"default","ast-global-header-display":"","ast-banner-title-visibility":"","ast-main-header-display":"","ast-hfb-above-header-display":"","ast-hfb-below-header-display":"","ast-hfb-mobile-header-display":"","site-post-title":"disabled","ast-breadcrumbs-content":"","ast-featured-img":"disabled","footer-sml-layout":"","theme-transparent-header-meta":"default","adv-header-id-meta":"","stick-header-meta":"","header-above-stick-meta":"","header-main-stick-meta":"","header-below-stick-meta":"","astra-migrate-meta-layouts":"default","ast-page-background-enabled":"default","ast-page-background-meta":{"desktop":{"background-color":"","background-image":"","background-repeat":"repeat","background-position":"center center","background-size":"auto","background-attachment":"scroll","background-type":"","background-media":"","overlay-type":"","overlay-color":"","overlay-opacity":"","overlay-gradient":""},"tablet":{"background-color":"","background-image":"","background-repeat":"repeat","background-position":"center center","background-size":"auto","background-attachment":"scroll","background-type":"","background-media":"","overlay-type":"","overlay-color":"","overlay-opacity":"","overlay-gradient":""},"mobile":{"background-color":"","background-image":"","background-repeat":"repeat","background-position":"center center","background-size":"auto","background-attachment":"scroll","background-type":"","background-media":"","overlay-type":"","overlay-color":"","overlay-opacity":"","overlay-gradient":""}},"ast-content-background-meta":{"desktop":{"background-color":"var(--ast-global-color-5)","background-image":"","background-repeat":"repeat","background-position":"center center","background-size":"auto","background-attachment":"scroll","background-type":"","background-media":"","overlay-type":"","overlay-color":"","overlay-opacity":"","overlay-gradient":""},"tablet":{"background-color":"var(--ast-global-color-5)","background-image":"","background-repeat":"repeat","background-position":"center center","background-size":"auto","background-attachment":"scroll","background-type":"","background-media":"","overlay-type":"","overlay-color":"","overlay-opacity":"","overlay-gradient":""},"mobile":{"background-color":"var(--ast-global-color-5)","background-image":"","background-repeat":"repeat","background-position":"center center","background-size":"auto","background-attachment":"scroll","background-type":"","background-media":"","overlay-type":"","overlay-color":"","overlay-opacity":"","overlay-gradient":""}},"footnotes":""},"class_list":["post-419","page","type-page","status-publish","hentry"],"yoast_head":"<!-- This site is optimized with the Yoast SEO plugin v26.5 - https:\/\/yoast.com\/wordpress\/plugins\/seo\/ -->\n<title>Wetgeving - Massage Praktijk Baltzer | Beuningen<\/title>\n<meta name=\"robots\" content=\"noindex, follow, max-snippet:-1, max-image-preview:large, max-video-preview:-1\" \/>\n<meta property=\"og:locale\" content=\"nl_NL\" \/>\n<meta property=\"og:type\" content=\"article\" \/>\n<meta property=\"og:title\" content=\"Wetgeving - Massage Praktijk Baltzer | Beuningen\" \/>\n<meta property=\"og:description\" content=\"Wetgeving WGBO De Wet op Geneeskundige Behandelovereenkomst gaat over de rechten en plichten van zowel de zorgverlener als de cli\u00ebnt. Het gaat over praktische zaken zoals bijvoorbeeld welke informatie mag worden uitgewisseld, de bewaartermijn van cli\u00ebnt gegevens en geheimhoudingsplicht. Ik ben verplicht om een medisch dossier aan te leggen van elke cli\u00ebnt en deze dossiers [&hellip;]\" \/>\n<meta property=\"og:url\" content=\"https:\/\/massagepraktijkbaltzer.nl\/?page_id=419\" \/>\n<meta property=\"og:site_name\" content=\"Massage Praktijk Baltzer | Beuningen\" \/>\n<meta property=\"article:modified_time\" content=\"2021-02-23T11:13:13+00:00\" \/>\n<meta property=\"og:image\" content=\"https:\/\/massagepraktijkbaltzer.nl\/massagepraktijkbaltzer.nl\/wp-content\/uploads\/2020\/10\/Quasir.png\" \/>\n<meta name=\"twitter:card\" content=\"summary_large_image\" \/>\n<meta name=\"twitter:label1\" content=\"Geschatte leestijd\" \/>\n\t<meta name=\"twitter:data1\" content=\"2 minuten\" \/>\n<script type=\"application\/ld+json\" class=\"yoast-schema-graph\">{\"@context\":\"https:\/\/schema.org\",\"@graph\":[{\"@type\":\"WebPage\",\"@id\":\"https:\/\/massagepraktijkbaltzer.nl\/?page_id=419\",\"url\":\"https:\/\/massagepraktijkbaltzer.nl\/?page_id=419\",\"name\":\"Wetgeving - Massage Praktijk Baltzer | Beuningen\",\"isPartOf\":{\"@id\":\"https:\/\/massagepraktijkbaltzer.nl\/#website\"},\"primaryImageOfPage\":{\"@id\":\"https:\/\/massagepraktijkbaltzer.nl\/?page_id=419#primaryimage\"},\"image\":{\"@id\":\"https:\/\/massagepraktijkbaltzer.nl\/?page_id=419#primaryimage\"},\"thumbnailUrl\":\"https:\/\/massagepraktijkbaltzer.nl\/massagepraktijkbaltzer.nl\/wp-content\/uploads\/2020\/10\/Quasir.png\",\"datePublished\":\"2020-10-21T09:39:09+00:00\",\"dateModified\":\"2021-02-23T11:13:13+00:00\",\"breadcrumb\":{\"@id\":\"https:\/\/massagepraktijkbaltzer.nl\/?page_id=419#breadcrumb\"},\"inLanguage\":\"nl-NL\",\"potentialAction\":[{\"@type\":\"ReadAction\",\"target\":[\"https:\/\/massagepraktijkbaltzer.nl\/?page_id=419\"]}]},{\"@type\":\"ImageObject\",\"inLanguage\":\"nl-NL\",\"@id\":\"https:\/\/massagepraktijkbaltzer.nl\/?page_id=419#primaryimage\",\"url\":\"https:\/\/massagepraktijkbaltzer.nl\/massagepraktijkbaltzer.nl\/wp-content\/uploads\/2020\/10\/Quasir.png\",\"contentUrl\":\"https:\/\/massagepraktijkbaltzer.nl\/massagepraktijkbaltzer.nl\/wp-content\/uploads\/2020\/10\/Quasir.png\"},{\"@type\":\"BreadcrumbList\",\"@id\":\"https:\/\/massagepraktijkbaltzer.nl\/?page_id=419#breadcrumb\",\"itemListElement\":[{\"@type\":\"ListItem\",\"position\":1,\"name\":\"Home\",\"item\":\"https:\/\/massagepraktijkbaltzer.nl\/\"},{\"@type\":\"ListItem\",\"position\":2,\"name\":\"Wetgeving\"}]},{\"@type\":\"WebSite\",\"@id\":\"https:\/\/massagepraktijkbaltzer.nl\/#website\",\"url\":\"https:\/\/massagepraktijkbaltzer.nl\/\",\"name\":\"Massage Praktijk Baltzer | Beuningen\",\"description\":\"Voor de balans tussen lichaam en geest\",\"publisher\":{\"@id\":\"https:\/\/massagepraktijkbaltzer.nl\/#organization\"},\"potentialAction\":[{\"@type\":\"SearchAction\",\"target\":{\"@type\":\"EntryPoint\",\"urlTemplate\":\"https:\/\/massagepraktijkbaltzer.nl\/?s={search_term_string}\"},\"query-input\":{\"@type\":\"PropertyValueSpecification\",\"valueRequired\":true,\"valueName\":\"search_term_string\"}}],\"inLanguage\":\"nl-NL\"},{\"@type\":\"Organization\",\"@id\":\"https:\/\/massagepraktijkbaltzer.nl\/#organization\",\"name\":\"Massage Praktijk Baltzer | Beuningen\",\"url\":\"https:\/\/massagepraktijkbaltzer.nl\/\",\"logo\":{\"@type\":\"ImageObject\",\"inLanguage\":\"nl-NL\",\"@id\":\"https:\/\/massagepraktijkbaltzer.nl\/#\/schema\/logo\/image\/\",\"url\":\"https:\/\/massagepraktijkbaltzer.nl\/wp-content\/uploads\/2020\/10\/cropped-SmallLogo-1-2.png\",\"contentUrl\":\"https:\/\/massagepraktijkbaltzer.nl\/wp-content\/uploads\/2020\/10\/cropped-SmallLogo-1-2.png\",\"width\":500,\"height\":209,\"caption\":\"Massage Praktijk Baltzer | Beuningen\"},\"image\":{\"@id\":\"https:\/\/massagepraktijkbaltzer.nl\/#\/schema\/logo\/image\/\"}}]}<\/script>\n<!-- \/ Yoast SEO plugin. -->","yoast_head_json":{"title":"Wetgeving - Massage Praktijk Baltzer | Beuningen","robots":{"index":"noindex","follow":"follow","max-snippet":"max-snippet:-1","max-image-preview":"max-image-preview:large","max-video-preview":"max-video-preview:-1"},"og_locale":"nl_NL","og_type":"article","og_title":"Wetgeving - Massage Praktijk Baltzer | Beuningen","og_description":"Wetgeving WGBO De Wet op Geneeskundige Behandelovereenkomst gaat over de rechten en plichten van zowel de zorgverlener als de cli\u00ebnt. Het gaat over praktische zaken zoals bijvoorbeeld welke informatie mag worden uitgewisseld, de bewaartermijn van cli\u00ebnt gegevens en geheimhoudingsplicht. Ik ben verplicht om een medisch dossier aan te leggen van elke cli\u00ebnt en deze dossiers [&hellip;]","og_url":"https:\/\/massagepraktijkbaltzer.nl\/?page_id=419","og_site_name":"Massage Praktijk Baltzer | Beuningen","article_modified_time":"2021-02-23T11:13:13+00:00","og_image":[{"url":"https:\/\/massagepraktijkbaltzer.nl\/massagepraktijkbaltzer.nl\/wp-content\/uploads\/2020\/10\/Quasir.png","type":"","width":"","height":""}],"twitter_card":"summary_large_image","twitter_misc":{"Geschatte leestijd":"2 minuten"},"schema":{"@context":"https:\/\/schema.org","@graph":[{"@type":"WebPage","@id":"https:\/\/massagepraktijkbaltzer.nl\/?page_id=419","url":"https:\/\/massagepraktijkbaltzer.nl\/?page_id=419","name":"Wetgeving - Massage Praktijk Baltzer | Beuningen","isPartOf":{"@id":"https:\/\/massagepraktijkbaltzer.nl\/#website"},"primaryImageOfPage":{"@id":"https:\/\/massagepraktijkbaltzer.nl\/?page_id=419#primaryimage"},"image":{"@id":"https:\/\/massagepraktijkbaltzer.nl\/?page_id=419#primaryimage"},"thumbnailUrl":"https:\/\/massagepraktijkbaltzer.nl\/massagepraktijkbaltzer.nl\/wp-content\/uploads\/2020\/10\/Quasir.png","datePublished":"2020-10-21T09:39:09+00:00","dateModified":"2021-02-23T11:13:13+00:00","breadcrumb":{"@id":"https:\/\/massagepraktijkbaltzer.nl\/?page_id=419#breadcrumb"},"inLanguage":"nl-NL","potentialAction":[{"@type":"ReadAction","target":["https:\/\/massagepraktijkbaltzer.nl\/?page_id=419"]}]},{"@type":"ImageObject","inLanguage":"nl-NL","@id":"https:\/\/massagepraktijkbaltzer.nl\/?page_id=419#primaryimage","url":"https:\/\/massagepraktijkbaltzer.nl\/massagepraktijkbaltzer.nl\/wp-content\/uploads\/2020\/10\/Quasir.png","contentUrl":"https:\/\/massagepraktijkbaltzer.nl\/massagepraktijkbaltzer.nl\/wp-content\/uploads\/2020\/10\/Quasir.png"},{"@type":"BreadcrumbList","@id":"https:\/\/massagepraktijkbaltzer.nl\/?page_id=419#breadcrumb","itemListElement":[{"@type":"ListItem","position":1,"name":"Home","item":"https:\/\/massagepraktijkbaltzer.nl\/"},{"@type":"ListItem","position":2,"name":"Wetgeving"}]},{"@type":"WebSite","@id":"https:\/\/massagepraktijkbaltzer.nl\/#website","url":"https:\/\/massagepraktijkbaltzer.nl\/","name":"Massage Praktijk Baltzer | Beuningen","description":"Voor de balans tussen lichaam en geest","publisher":{"@id":"https:\/\/massagepraktijkbaltzer.nl\/#organization"},"potentialAction":[{"@type":"SearchAction","target":{"@type":"EntryPoint","urlTemplate":"https:\/\/massagepraktijkbaltzer.nl\/?s={search_term_string}"},"query-input":{"@type":"PropertyValueSpecification","valueRequired":true,"valueName":"search_term_string"}}],"inLanguage":"nl-NL"},{"@type":"Organization","@id":"https:\/\/massagepraktijkbaltzer.nl\/#organization","name":"Massage Praktijk Baltzer | Beuningen","url":"https:\/\/massagepraktijkbaltzer.nl\/","logo":{"@type":"ImageObject","inLanguage":"nl-NL","@id":"https:\/\/massagepraktijkbaltzer.nl\/#\/schema\/logo\/image\/","url":"https:\/\/massagepraktijkbaltzer.nl\/wp-content\/uploads\/2020\/10\/cropped-SmallLogo-1-2.png","contentUrl":"https:\/\/massagepraktijkbaltzer.nl\/wp-content\/uploads\/2020\/10\/cropped-SmallLogo-1-2.png","width":500,"height":209,"caption":"Massage Praktijk Baltzer | Beuningen"},"image":{"@id":"https:\/\/massagepraktijkbaltzer.nl\/#\/schema\/logo\/image\/"}}]}},"_links":{"self":[{"href":"https:\/\/massagepraktijkbaltzer.nl\/index.php?rest_route=\/wp\/v2\/pages\/419","targetHints":{"allow":["GET"]}}],"collection":[{"href":"https:\/\/massagepraktijkbaltzer.nl\/index.php?rest_route=\/wp\/v2\/pages"}],"about":[{"href":"https:\/\/massagepraktijkbaltzer.nl\/index.php?rest_route=\/wp\/v2\/types\/page"}],"author":[{"embeddable":true,"href":"https:\/\/massagepraktijkbaltzer.nl\/index.php?rest_route=\/wp\/v2\/users\/1"}],"replies":[{"embeddable":true,"href":"https:\/\/massagepraktijkbaltzer.nl\/index.php?rest_route=%2Fwp%2Fv2%2Fcomments&post=419"}],"version-history":[{"count":30,"href":"https:\/\/massagepraktijkbaltzer.nl\/index.php?rest_route=\/wp\/v2\/pages\/419\/revisions"}],"predecessor-version":[{"id":2249,"href":"https:\/\/massagepraktijkbaltzer.nl\/index.php?rest_route=\/wp\/v2\/pages\/419\/revisions\/2249"}],"wp:attachment":[{"href":"https:\/\/massagepraktijkbaltzer.nl\/index.php?rest_route=%2Fwp%2Fv2%2Fmedia&parent=419"}],"curies":[{"name":"wp","href":"https:\/\/api.w.org\/{rel}","templated":true}]}}